-k**2 - 297*k - 20070. What is o(-109)?
422
Let s(z) = 66*z - 12844. Determine s(168).
-1756
Let r(t) = -t**3 + 7*t**2 + 534*t + 80. Calculate r(27).
-82
Let m(z) = 30*z**2 - 965*z + 4860. What is m(5)?
785
Let a(i) = 2*i**2 + 4477*i + 35669. Give a(-8).
-19
Let i(c) = -112*c**2 - 690*c + 2065. Determine i(3).
-1013
Let b(q) = 16*q**3 - 20*q**2 - 70*q + 332. Give b(3).
374
Let v(h) = 13*h**2 - 437*h + 346. Determine v(34).
516
Let s(y) = 34*y**2 - 362*y + 125. Give s(9).
-379
Let u(y) = 15*y**2 + 7809*y + 38988. Calculate u(-5).
318
Let d(u) = u**3 - 5*u**2 + u + 22. Determine d(-5).
-233
Let y(b) = -2170*b + 110469. Determine y(51).
-201
Let g(m) = m**3 - 453*m**2 - 37787*m - 6835. What is g(525)?
-10
Let f(k) = -2*k**3 - 2*k**2 - 36*k + 129. Determine f(3).
-51
Let z(i) = i**3 + 41*i**2 + 67*i + 1065. Calculate z(-40).
-15
Let u(b) = 2*b**2 + 76*b - 743. Give u(8).
-7
Let l(o) = 2*o**3 + 63*o**2 - 1664*o - 7531. Give l(-4).
5
Let v(z) = 594*z**3 - 9503*z**2 - 22*z + 56. Determine v(16).
-40
Let r(j) = -3*j**3 - 3442*j**2 - 6933*j - 125. What is r(-2)?
-3
Let f(h) = h**2 + 80*h + 787. Give f(-40).
-813
Let b(k) = 3*k**3 - 470*k**2 - 1912*k - 61. Calculate b(-4).
-125
Let h(a) = -4*a**3 + 96*a**2 - 773*a + 1961. Calculate h(5).
-4
Let b(o) = 33*o**2 - 1191*o - 144. Determine b(36).
-252
Let g(y) = 24550*y + 270048. Determine g(-11).
-2
Let o(w) = -w**3 + 143*w**2 + 432*w + 889. Determine o(146).
13
Let s(p) = p**3 - 13*p**2 - 211*p + 3703. What is s(16)?
1095
Let c(d) = -12*d**2 + 7270*d + 8513. Give c(607).
15
Let h(d) = 4*d**3 - 351*d**2 + 486*d - 50505. What is h(88)?
7
Let q(j) = -10*j**3 + 36*j**2 - j - 30. Give q(4).
-98
Let s(w) = -4*w**2 + 6640*w + 2370083. Give s(1962).
-13
Let y(s) = s**2 - 140*s - 100162. What is y(394)?
-86
Let x(m) = m**3 + 16*m**2 + 76*m + 138. Give x(-11).
-93
Let n(m) = -m**3 + 110*m**2 - 1642*m - 14334. Calculate n(90).
-114
Let k(o) = -o**3 - 206*o**2 - 111*o - 22746. Determine k(-206).
120
Let n(w) = 96*w - 4707. Determine n(52).
285
Let p(d) = 3*d**2 - 123*d - 2228. Calculate p(-18).
958
Let n(y) = -y**3 + 93*y**2 - 776*y - 25. Calculate n(9).
-205
Let n(u) = u**2 - 30678*u - 1474816. What is n(-48)?
32
Let i(z) = 44250*z - 88539. Give i(2).
-39
Let s(b) = b**3 + 27*b**2 + 7*b - 175. Give s(-26).
319
Let h(i) = -i**3 - 19*i**2 + 493*i + 9080. Determine h(-18).
-118
Let a(s) = s**2 - 237*s + 2253. Determine a(227).
-17
Let b(x) = 18*x**2 + 973*x - 1903. Determine b(-57).
1118
Let n(g) = 11*g**2 + 2481*g + 2344. Determine n(-225).
994
Let a(k) = 881*k - 12735. Determine a(14).
-401
Let u(q) = 5*q**2 - 3961*q + 117454. Determine u(30).
3124
Let j(m) = -77650*m - 776493. Give j(-10).
7
Let t(u) = -110*u - 8367. Calculate t(-77).
103
Let l(y) = -43474*y + 43054. Calculate l(1).
-420
Let k(f) = 4*f**2 + 4113*f + 20515. What is k(-5)?
50
Let c(k) = -5*k**2 - 593*k - 8400. Give c(-14).
-1078
Let v(y) = -2*y**3 + 31*y**2 - 230*y + 1382. Calculate v(6).
686
Let m(l) = -3*l**2 + 4849*l + 19429. Calculate m(-4).
-15
Let u(k) = k**2 + 231*k + 11884. Calculate u(-153).
-50
Let p(i) = 2*i**3 - 441*i**2 - 613*i - 11774. Calculate p(222).
-8
Let n(k) = 196*k + 19526. Give n(-100).
-74
Let u(k) = 39*k**2 + 37023*k + 195399. What is u(-944)?
-9
Let p(l) = -45*l**2 - 67034*l - 110103. Give p(-1488).
9
Let v(u) = -37376*u - 112089. What is v(-3)?
39
Let o(p) = -14*p**3 + 42*p**2 - 41*p - 1. What is o(1)?
-14
Let l(z) = -4*z**3 + 1974*z**2 - 1003*z + 8420. Determine l(493).
39
Let s(b) = 259*b**2 + 25378*b - 398. Determine s(-98).
-6
Let x(p) = -2460*p - 12509. What is x(-5)?
-209
Let g(i) = 534*i - 641. Give g(0).
-641
Let d(f) = -f**3 + 1784*f**2 - 740449*f + 6560. Determine d(657).
-10
Let m(i) = -382*i - 10697. Determine m(-28).
-1
Let g(k) = 2*k**2 + 651*k + 29105. Calculate g(-272).
1
Let p(y) = -7*y**3 - 5236*y**2 + 5235*y - 6000. Determine p(-749).
-8
Let i(w) = w**2 + 627*w + 13898. Calculate i(-604).
6
Let x(b) = -3989*b**2 - 43893*b - 85. Determine x(-11).
69
Let q(l) = 1113*l + 487492. Determine q(-438).
-2
Let v(m) = -30*m**2 + 699*m - 2430. What is v(19)?
21
Let d(p) = 2*p**3 - 281*p**2 - 1612*p + 804. Calculate d(146).
-72
Let k(n) = 40*n**2 - 7938*n + 3557. What is k(198)?
-7
Let w(z) = 11584*z + 69898. Determine w(-6).
394
Let j(w) = w**3 - 275*w**2 + 796*w - 40. What is j(272)?
-5480
Let m(b) = -8*b**2 - 1679*b + 3365. Determine m(2).
-25
Let f(c) = -c**3 - 22*c**2 + 363*c - 22. Calculate f(11).
-22
Let c(q) = 2*q**3 - 52*q**2 + 246*q + 777. Give c(18).
21
Let i(q) = -10668*q - 21224. Give i(-2).
112
Let o(q) = 3*q**2 + 368591*q - 1105793. Give o(3).
7
Let t(m) = -196*m + 5194. Calculate t(24).
490
Let o(b) = -3664*b + 14651. Calculate o(4).
-5
Let r(s) = 14*s**2 + 562*s + 4184. What is r(-10)?
-36
Let s(w) = 3197*w - 57776. Calculate s(18).
-230
Let t(z) = -z**2 - 2152*z + 72157. What is t(33)?
52
Let z(y) = -y**3 - 320*y**2 + 1630*y - 22. What is z(5)?
3
Let z(m) = -19*m**2 + 760*m + 5999. Determine z(47).
-252
Let r(g) = -4*g**3 + 465*g**2 - 7366*g - 3. What is r(19)?
472
Let h(t) = -t**3 + 36*t**2 + 351*t + 478. Determine h(44).
434
Let t(i) = 3*i**3 + 428*i**2 + 14104*i - 108. Determine t(-91).
-17
Let h(d) = -d**3 + 39*d**2 - 424*d + 565. Give h(21).
-401
Let o(y) = -9247*y + 36983. Give o(4).
-5
Let c(d) = d**2 - 25*d - 731. Determine c(52).
673
Let k(o) = -58*o**2 + 3842*o + 214. Give k(66).
1138
Let w(f) = -5*f**3 + 12*f**2 - 43*f + 54. Calculate w(3).
-102
Let y(r) = 28178*r - 253608. What is y(9)?
-6
Let q(a) = a**3 + 69*a**2 - 6*a - 161. Give q(-69).
253
Let m(a) = -a**2 + 597*a - 28360. What is m(52)?
-20
Let h(c) = -2*c**3 - 3*c**2 - 7082*c - 7083. What is h(-1)?
-2
Let o(g) = -101*g**3 + 19602*g**2 - 1555*g + 465. Give o(194).
-117
Let z(p) = p**3 + 127*p**2 - 150*p - 64697. What is z(-124)?
31
Let y(t) = 658*t - 12669. What is y(20)?
491
Let b(o) = o**2 - 4025*o + 103986. What is b(26)?
12
Let r(j) = 477*j - 3713. Calculate r(8).
103
Let l(p) = 9*p + 34. Give l(4).
70
Let w(a) = -2*a**2 + 363*a - 13415. What is w(129)?
130
Let a(q) = 410*q**3 + 35*q**2 - 37*q + 1. Give a(1).
409
Let y(a) = 9308*a + 9584. Calculate y(-1).
276
Let s(t) = t**2 + 902*t + 22125. Determine s(-25).
200
Let l(d) = -d**3 + 27*d**2 - 165*d + 6717. What is l(29)?
250
Let q(c) = 38506*c - 1078179. Calculate q(28).
-11
Let p(q) = 2*q**3 + 147*q**2 + 137*q - 853. What is p(-3)?
5
Let r(v) = v**2 + 393*v - 60694. Determine r(118).
-396
Let h(l) = l**3 + 27*l**2 - 1113*l - 2661. Calculate h(24).
3
Let h(w) = -259*w - 82741. Determine h(-320).
139
Let y(r) = -30124*r - 90351. Calculate y(-3).
21
Let u(a) = 263*a**2 - 733*a - 2. What is u(-1)?
994
Let k(s) = 3*s**2 + 2511*s - 56692. What is k(22)?
2
Let k(q) = q**3 - 10*q**2 - 655*q + 8608. Determine k(22).
6
Let v(o) = -658*o + 1844. What is v(3)?
-130
Let i(h) = -746*h + 9899. Determine i(13).
201
Let l(y) = 32*y**2 - 74310*y - 74309. Calculate l(-1).
33
Let k(z) = 478*z - 22733. Calculate k(49).
689
Let f(h) = -5317*h + 21246. Give f(4).
-22
Let j(x) = -178*x**2 - 820*x - 285. Give j(-4).
147
Let x(k) = 4*k**2 - 150*k + 3076. Calculate x(28).
2012
Let n(i) = i**3 + 21*i**2 + 68*i - 56. Determine n(-5).
4
Let g(v) = -4813725*v + 38509798. Determine g(8).
-2
Let g(n) = -1879*n + 98644. What is g(53)?
-943
Let w(m) = -28349*m - 3855464. Determine w(-136).
0
Let d(z) = 3846*z + 1453784. What is d(-378)?
-4
Let d(b) = 1082290*b - 1082286. What is d(1)?
4
Let z(x) = 598*x - 87331. What is z(146)?
-23
Let u(q) = 275850*q - 1930998. What is u(7)?
-48
Let b(j) = -j**2 + 183*j + 5891. What is b(210)?
221
Let c(o) = o**2 - 211*o - 13063. Calculate c(261).
-13
Let n(l) = 51*l - 6643. Calculate n(142).
599
Let v(l) = -l**3 + 731*l**2 - 2179*l + 25. Determine v(3).
40
Let v(a) = a**3 - 37*a**2 + 34*a + 69. Determine v(36).
-3
Let y(j) = 182*j**2 - 272*j - 541. Determine y(-2).
731
Let z(t) = -t**3 - 509*t**2 + 14*t + 7116. Give z(-509).
-10
Let h(p) = 272*p**3 - 22*p**2 - 32*p - 10. What is h(-1)?
-272
Let r(v) = v**3 - 16*v**2 - 530*v + 1478. Determine r(-18).
2
Let u(s) = -s**3 + 69*s**2 - 5932*s + 190874. What is u(40)?
-6
Let x(v) = -19*v**2 - 1099*v - 4925. Give x(-5).
95
Let o(g) = -24242*g - 120831. Calculate o(-5).
379
Let u(c) = 268*c - 2018. Calculate u(6).
-410
Let p(a) = -1